10)). Let i be 2/(2*(-3)/t). Suppose -i*o = 5*x - 14, -o + 16 = 2*o + 5*x. What is the units digit of o?
2
Let h = 38 - -17. What is the tens digit of h?
5
Let b(k) = 4*k**3 - k. What is the tens digit of b(2)?
3
Suppose u + 4*j + 26 = 6*u, -4*u = -j - 12. Suppose -2*p - 8 = u*i, -10 = -3*i - 2*i. What is the units digit of 12*(8/p + 2)?
8
Let i(j) = j**2 - 6*j + 6. Let y be i(6). Let r(z) = z**3 - 11*z**2 + z - 6. Let a be r(11). Let t = y - a. What is the units digit of t?
1
Let b be (-3)/6 - (-6)/4. What is the units digit of 0 + b - 8/(-2)?
5
Let v(y) = 6*y**2 - 2*y + 5. What is the tens digit of v(-3)?
6
Let h = 76 + 35. What is the tens digit of h?
1
Let w(c) = c + 5. Let s be w(-3). Suppose -n = s*n - 81. Suppose 7 = -5*a + n. What is the units digit of a?
4
Suppose -3*v + 57 = -0*v. Suppose -2*i + 33 = -v. What is the tens digit of i?
2
What is the units digit of ((-90)/(-25))/((-9)/(-60))?
4
Let q(s) = -s - 1. Let p(v) = 6*v + 4. Let x(r) = -p(r) - 2*q(r). What is the tens digit of x(-5)?
1
Let z be 60/(-18)*6/(-4). Suppose -2*g + 7*n = z*n + 12, -26 = 5*g - 3*n. Let c = g + 6. What is the units digit of c?
2
Suppose -1 - 3 = -4*a. Let t be a - -1 - (0 - -3). What is the tens digit of (-3)/(t/5 - 0)?
1
Let a = -16 - 3. Let n = a + 46. What is the tens digit of n?
2
Suppose -6 = -d + i, 1 = d - 2*i - 5. Let g = d + 3. What is the units digit of g?
9
Let q = 0 - -3. Suppose -z + q*d - 20 = -7, -d = -5. What is the units digit of z?
2
Let d be 1 + -3*(0 - 1). Suppose -2*y + 44 = -d*q, 2*y + 0*q + 2*q = 68. What is the units digit of 4/10 - (-258)/y?
9
Let p(j) = j**3 + 18*j**2 + 9*j + 10. What is the hundreds digit of p(-17)?
1
Let b(y) = -6*y**3 - 6*y**2 + 2*y + 7. What is the hundreds digit of b(-3)?
1
Suppose 2 + 3 = 5*q. Let m = q + 1. What is the units digit of m?
2
Let t(g) = -g**2 + 6*g - 1. Let v be t(4). Suppose 3*b + 4*i = 23, 2*i + v = -1. What is the units digit of b?
3
Let m = 33 + -23. Suppose 4*u - 58 = 6. Suppose m = 2*b - u. What is the tens digit of b?
1
Suppose 2*i = 6*i + 4. What is the units digit of (9 + i)*(-3 + 5)?
6
Let z(b) = b**3 + 8*b**2 + 3*b - 2. What is the units digit of z(-6)?
2
Let p(i) = 33*i + 20. Let z(v) = -11*v - 7. Let h(y) = -6*p(y) - 17*z(y). What is the tens digit of h(-2)?
2
Let x(w) = w**3 + 6*w**2 - 2*w - 2. Let g be x(-5). Suppose -5*i + 7 = -g. What is the units digit of i?
8
Let o(v) = v - 1. Suppose -d = -2*p - 15, 5*p = 3*p - 3*d - 11. Let k = 9 + p. What is the units digit of o(k)?
1
Suppose -3*t = -q - 10, 3*q + 7*t = 2*t + 40. Suppose -4*z = 3*f - 82, -2*f + q*z - 135 = -7*f. Suppose 3*p - f = p. What is the units digit of p?
3
Suppose -3*s + 57 = -3*f, -s + 0*f - 2*f = -4. Let z be (-1 + 0 - -1) + s. Suppose -2*l + z = -l. What is the tens digit of l?
1
What is the hundreds digit of (94/4)/((-6)/(-36))?
1
Let h = -24 - -37. What is the units digit of h?
3
Suppose 0 = -g, -3*h + 3*g = -h + 2. What is the units digit of (h + 0)*(-1)/1?
1
Suppose 3*j = -j + 8. Let l be -2 + -1*j*-4. What is the units digit of -2 + (-3)/(l/(-14))?
5
Let w(y) = 2*y + 10 - 9*y + 9*y - 3*y. Suppose -25 = -3*c + 5*q, -3*c - 3*q - 15 + 0 = 0. What is the tens digit of w(c)?
1
Suppose -3*f + 21 = -24. What is the tens digit of f?
1
Let x(r) = r + 2. Let p be x(0). Suppose p*c - 6 = 26. What is the tens digit of c?
1
Suppose 4*u + 3*v + 10 = 425, 104 = u + v. What is the units digit of u?
3
Suppose 7*k - 12 = 3*k. Suppose -5*t - 3*r - 5 = 0, -2*r = r. Let n = k + t. What is the units digit of n?
2
Suppose 3*c = -0*c + 15. Suppose -c*f = -39 - 36. What is the units digit of 81/f + (-2)/5?
5
Suppose -3*f + 6*f - 6 = 0. Suppose -f*y - t = -5, -t + 3*t = y. What is the tens digit of (-80)/(-6) - y/6?
1
Suppose 0 = -5*l - 0*l + 10. Suppose 0 = -3*a + 9, l*j + 2*a = -2*j + 42. What is the units digit of j?
9
Let v = -3 - -110. What is the hundreds digit of v?
1
Suppose -180 = -6*n + n. What is the units digit of n?
6
Let h(n) = -1 - 2 - 7 + 3*n + 5. What is the units digit of h(6)?
3
Let s = 2 - -1. What is the units digit of -3*4/(-18)*s?
2
What is the tens digit of -5 + (2 - 2) + 48?
4
Let r = -29 + 47. Let i = 9 - 15. Let d = i + r. What is the units digit of d?
2
Suppose 6 = 2*u - 0. Let n = 3 - u. Let r(z) = z**2 + 4. What is the units digit of r(n)?
4
Let o(d) = d**3 - 4*d**2 + 2*d - 2. Let s be o(4). Suppose 0 = -4*i + 2*i - s. What is the units digit of (4/i)/(4/(-12))?
4
Suppose 4*j = -48 + 256. What is the units digit of j?
2
Let p(b) = b**3 - b**2 - b - 2. Let f be p(2). Suppose 3*l + 9 + 0 = f. What is the units digit of (l/(-9))/(1/9)?
3
Suppose 0 = 2*z - 4*b - 30, 17 = -z + 2*z - b. Let i be (-6)/(-24) - (-22)/8. Suppose 0*m - i*m = 5*v - 22, 2*m - v - z = 0. What is the units digit of m?
9
Let b(m) = 86*m + 8. What is the units digit of b(1)?
4
What is the units digit of 16/6 + (-16)/(-12)?
4
Let b be (-46)/(-8) + (-4)/(-16). What is the units digit of b - (-1 + (2 - 1))?
6
Suppose 0 = -5*i + v + 5, 0*v + 25 = -5*v. Suppose i*b - 45 = -5*b. What is the units digit of b?
9
Suppose 3*r + 112 = 5*l + 5*r, 0 = l - 4*r - 18. What is the tens digit of l?
2
What is the hundreds digit of -3 + (-3)/(9/(-12)) + 173?
1
Let f(r) = 2 + r**3 + 0*r**3 + 5*r**2 - 6. What is the units digit of f(-4)?
2
Let u(v) = 3*v**2 - 33*v + 17. What is the hundreds digit of u(14)?
1
What is the tens digit of ((-75)/(-6))/(4/8)?
2
What is the units digit of (-28)/(-182) - (-126)/26?
5
What is the units digit of (330/25)/((9/70)/3)?
8
Let w = -1 + -1. Let h be 1 + (-46)/w - -2. Let y = -17 + h. What is the units digit of y?
9
Let w = 70 - 6. Suppose -v + 2*f = -5*v + w, -4*v + 64 = -5*f. What is the units digit of v?
6
Let b = -13 - 1. Let u = 11 - b. Let q = u - 16. What is the units digit of q?
9
Suppose -3*k - 2*j + 2 = 0, -3*k + 0*k - 4*j - 2 = 0. What is the tens digit of k*(2 - 1)*6?
1
Suppose 0 = -2*j + 2*w + 74, -4*j + 2*w + 36 = -3*j. What is the units digit of j?
8
Suppose 2*y = -2*y + 4, 3*y - 28 = -5*h. Suppose -2*x + 30 = -h*g - 11, 5*x + 5*g = 120. Let l = x + -16. What is the units digit of l?
7
Let a be ((-5)/(-2))/((-3)/6). Let b(f) = -f**2 - 7*f - 7. What is the units digit of b(a)?
3
Let m = 53 + 136. What is the units digit of m/36 + 2/(-8)?
5
Let f(x) = -4*x**2 + 4 - 3*x**3 - 6 - 7*x**2 + 4*x**3 - 9*x. What is the units digit of f(12)?
4
Let d(r) = r**2 + 2*r + 1. What is the units digit of d(-6)?
5
Suppose 9 = 3*o, -3*u - 2*u - 2*o + 36 = 0. Let c = u + -1. Suppose -c*m + 28 = 3*a - 64, -a - 12 = -m. What is the units digit of m?
6
Suppose -5*s = -3*l - 25, 0*s - 2*s = -l - 10. What is the units digit of -3 + l - (-7)/1?
4
Suppose 5 + 17 = x + 2*n, -2*n = -5*x + 50. What is the tens digit of x?
1
Let m(r) = 4*r**2 + 1 - 5*r**2 + 18*r**3 + 0. Let v be m(1). Suppose 0 = 3*d + 3 - v. What is the units digit of d?
5
Let o = -15 + 9. Let b(r) be the second derivative of r**5/20 + r**4/2 + r**3/6 + 4*r**2 + 7*r. What is the units digit of b(o)?
2
Let m be ((-6)/(-4) + -1)*6. Suppose -2*n + 30 = m*n. What is the units digit of n?
6
Let j(z) = z**3 - z**2 + 2*z + 4. What is the units digit of j(3)?
8
Suppose 4*n - 54 = 38. What is the tens digit of n?
2
Let s(y) = y**2 - 6*y - 7. Let r be s(7). Suppose -4*p = 3*q - 1, -2*p + r = 4*q - 8. Suppose 14 = q*g + 5. What is the units digit of g?
3
Let g(o) = -o. Let n be (-6)/(3 + -2) + 2. Let k be g(n). Suppose -8 - k = -2*y. What is the units digit of y?
6
Let n = -77 + 151. Suppose -n + 11 = -3*a. What is the units digit of a?
1
Let j(y) = y - 8. Let c be j(12). Let k = 20 + c. What is the tens digit of k?
2
Let i = -41 - -81. What is the units digit of i?
0
Let t be -3 - -13 - (2 - 1). Suppose -5*m + 52 = 2*v + t, -5*v + m = -40. What is the units digit of v?
9
Let g be 6 + -5 - 3*-1. Suppose g*y = -0*y + 20. What is the units digit of y?
5
Let t be 2 - (-25 + 0/(-3)). Suppose -5*j - t = -2*c, 3*j + 0*j = -c + 8. What is the units digit of c?
1
Let u(n) = -2*n + 3. What is the units digit of u(-3)?
9
What is the hundreds digit of ((-4)/(-8))/(0 - 3/(-1074))?
1
Let z = -55 - -137. What is the units digit of z?
2
Suppose -z = 4*y - 303, 4*z - 3*y = -336 + 1510. What is the hundreds digit of z?
2
Let q be 3/2*(-4)/3. Let r = q - 1. What is the units digit of 6 + r/(-2 +